{"version":"1.0","provider_name":"Discover Douro","provider_url":"https:\/\/discoverdouro.pt\/fr","title":"Le Manteau Blanc du Douro et la L\u00e9gende des Amandiers en Fleurs - Discover Douro","type":"rich","width":600,"height":338,"html":"<blockquote class=\"wp-embedded-content\" data-secret=\"FgTC7diZfS\"><a href=\"https:\/\/discoverdouro.pt\/fr\/o-manto-do-douro-fr\">Le Manteau Blanc du Douro et la L\u00e9gende des Amandiers en Fleurs<\/a><\/blockquote><iframe sandbox=\"allow-scripts\" security=\"restricted\" src=\"https:\/\/discoverdouro.pt\/fr\/o-manto-do-douro-fr\/embed#?secret=FgTC7diZfS\" width=\"600\" height=\"338\" title=\"&#8220;Le Manteau Blanc du Douro et la L\u00e9gende des Amandiers en Fleurs&#8221; &#8212; Discover Douro\" data-secret=\"FgTC7diZfS\" frameborder=\"0\" marginwidth=\"0\" marginheight=\"0\" scrolling=\"no\" class=\"wp-embedded-content\"><\/iframe><script>\n\/*! This file is auto-generated *\/\n!function(d,l){\"use strict\";l.querySelector&&d.addEventListener&&\"undefined\"!=typeof URL&&(d.wp=d.wp||{},d.wp.receiveEmbedMessage||(d.wp.receiveEmbedMessage=function(e){var t=e.data;if((t||t.secret||t.message||t.value)&&!\/[^a-zA-Z0-9]\/.test(t.secret)){for(var s,r,n,a=l.querySelectorAll('iframe[data-secret=\"'+t.secret+'\"]'),o=l.querySelectorAll('blockquote[data-secret=\"'+t.secret+'\"]'),c=new RegExp(\"^https?:$\",\"i\"),i=0;i<o.length;i++)o[i].style.display=\"none\";for(i=0;i<a.length;i++)s=a[i],e.source===s.contentWindow&&(s.removeAttribute(\"style\"),\"height\"===t.message?(1e3<(r=parseInt(t.value,10))?r=1e3:~~r<200&&(r=200),s.height=r):\"link\"===t.message&&(r=new URL(s.getAttribute(\"src\")),n=new URL(t.value),c.test(n.protocol))&&n.host===r.host&&l.activeElement===s&&(d.top.location.href=t.value))}},d.addEventListener(\"message\",d.wp.receiveEmbedMessage,!1),l.addEventListener(\"DOMContentLoaded\",function(){for(var e,t,s=l.querySelectorAll(\"iframe.wp-embedded-content\"),r=0;r<s.length;r++)(t=(e=s[r]).getAttribute(\"data-secret\"))||(t=Math.random().toString(36).substring(2,12),e.src+=\"#?secret=\"+t,e.setAttribute(\"data-secret\",t)),e.contentWindow.postMessage({message:\"ready\",secret:t},\"*\")},!1)))}(window,document);\n\/\/# sourceURL=https:\/\/discoverdouro.pt\/wp-includes\/js\/wp-embed.min.js\n<\/script>\n","thumbnail_url":"https:\/\/discoverdouro.pt\/wp-content\/uploads\/2026\/03\/das3.png","thumbnail_width":1353,"thumbnail_height":763,"description":"La floraison des amandiers est l&#8217;un des \u00e9v\u00e9nements les plus marquants de la r\u00e9gion du Douro. Entre les mois de f\u00e9vrier et de mars, des communes telles que Vila Nova de Foz C\u00f4a, Torre de Moncorvo et Freixo de Espada \u00e0 Cinta se couvrent de blanc, cr\u00e9ant un paysage unique et \u00e9blouissant. Au-del\u00e0 d&#8217;\u00eatre un [&hellip;]"}

Le Manteau Blanc du Douro et la Légende des Amandiers en Fleurs - Discover Douro

<blockquote class="wp-embedded-content" data-secret="FgTC7diZfS"><a href="https://discoverdouro.pt/fr/o-manto-do-douro-fr">Le Manteau Blanc du Douro et la Légende des Amandiers en Fleurs</a></blockquote><iframe sandbox="allow-scripts" security="restricted" src="https://discoverdouro.pt/fr/o-manto-do-douro-fr/embed#?secret=FgTC7diZfS" width="600" height="338" title="&#8220;Le Manteau Blanc du Douro et la Légende des Amandiers en Fleurs&#8221; &#8212; Discover Douro" data-secret="FgTC7diZfS" frameborder="0" marginwidth="0" marginheight="0" scrolling="no" class="wp-embedded-content"></iframe><script>
/*! This file is auto-generated */
!function(d,l){"use strict";l.querySelector&&d.addEventListener&&"undefined"!=typeof URL&&(d.wp=d.wp||{},d.wp.receiveEmbedMessage||(d.wp.receiveEmbedMessage=function(e){var t=e.data;if((t||t.secret||t.message||t.value)&&!/[^a-zA-Z0-9]/.test(t.secret)){for(var s,r,n,a=l.querySelectorAll('iframe[data-secret="'+t.secret+'"]'),o=l.querySelectorAll('blockquote[data-secret="'+t.secret+'"]'),c=new RegExp("^https?:$","i"),i=0;i<o.length;i++)o[i].style.display="none";for(i=0;i<a.length;i++)s=a[i],e.source===s.contentWindow&&(s.removeAttribute("style"),"height"===t.message?(1e3<(r=parseInt(t.value,10))?r=1e3:~~r<200&&(r=200),s.height=r):"link"===t.message&&(r=new URL(s.getAttribute("src")),n=new URL(t.value),c.test(n.protocol))&&n.host===r.host&&l.activeElement===s&&(d.top.location.href=t.value))}},d.addEventListener("message",d.wp.receiveEmbedMessage,!1),l.addEventListener("DOMContentLoaded",function(){for(var e,t,s=l.querySelectorAll("iframe.wp-embedded-content"),r=0;r<s.length;r++)(t=(e=s[r]).getAttribute("data-secret"))||(t=Math.random().toString(36).substring(2,12),e.src+="#?secret="+t,e.setAttribute("data-secret",t)),e.contentWindow.postMessage({message:"ready",secret:t},"*")},!1)))}(window,document);
//# sourceURL=https://discoverdouro.pt/wp-includes/js/wp-embed.min.js
</script>

La floraison des amandiers est l&#8217;un des événements les plus marquants de la région du Douro. Entre les mois de février et de mars, des communes telles que Vila Nova de Foz Côa, Torre de Moncorvo et Freixo de Espada à Cinta se couvrent de blanc, créant un paysage unique et éblouissant. Au-delà d&#8217;être un [&hellip;]
